sor of r and j?
6
Let m(l) = 4*l**2 - 11*l + 28. Let h be m(6). Calculate the greatest common factor of 1696 and h.
106
Let i be (-3878)/(-42) + 2/3. Calculate the highest common factor of i and 3.
3
Let y(l) = -3*l**2 - 19*l. Let w be (5 + -7)*(0 - -3). Let z be y(w). What is the greatest common factor of z and 6?
6
Suppose 6*o - 55 = o. Suppose -3*z + 32 = w, 4*z = -38 + 66. What is the greatest common factor of w and o?
11
Let w(r) = 2*r**2 + 12*r + 21. Let f be w(-22). Calculate the greatest common divisor of f and 25.
25
Let x(i) = -60*i - 6. Let h be x(-1). Let c = h + -47. What is the greatest common divisor of c and 28?
7
Suppose -3*y + 489 = 4*s, -5*y = 391*s - 396*s - 745. Let o = 3 + 28. What is the greatest common divisor of y and o?
31
Suppose -19 = -2*n - 0*n + 5*j, 3*j + 3 = -3*n. Suppose 0 = h - 5*h + k + 44, n*h - 5*k = 4. Calculate the highest common factor of 12 and h.
12
Let b(u) = 2*u**2 - 11*u + 5. Let q be b(5). Let h = 74 - q. What is the highest common factor of h and 185?
37
Suppose -58*v + 131 + 2189 = 0. What is the highest common divisor of v and 1280?
40
Let u = 13 + -7. Let l(r) = r**3 - 5*r**2 - 7*r + 2. Let t be l(u). Let p be (-5)/10 - 102/t. What is the highest common factor of p and 10?
5
Let v = -427 - -430. Calculate the highest common factor of 1 and v.
1
Suppose -7933 = -23*s + 16355. Calculate the greatest common divisor of 33 and s.
33
Suppose -5*x = -40*x + 4200. What is the highest common divisor of 280 and x?
40
Suppose 4588 + 5620 = 32*b. Calculate the highest common divisor of b and 11.
11
Let s(d) = -2*d + 2. Let i be s(5). Let x = 9 + i. Let k = 5 - x. Calculate the highest common factor of 36 and k.
4
Let i = 729 - 609. Calculate the greatest common divisor of 24 and i.
24
Let d be (-4788)/(-304)*5/((-30)/(-32)). Calculate the highest common factor of 462 and d.
42
Let v(i) = -5 + 141 + i - 71. Let h be v(-10). Calculate the highest common factor of h and 33.
11
Let u = 2527 + -2497. What is the highest common divisor of u and 270?
30
Suppose -32*z - 1680 = -48*z. What is the greatest common factor of 15 and z?
15
Let j(a) = 2*a**3 - 19*a**2 + 9*a + 3. Let q be j(9). Suppose -1 = -q*z + 8. Calculate the highest common divisor of z and 9.
3
Suppose -5*h = 2*l - 2535, -2*h + 3*l + 549 = -446. Calculate the highest common divisor of 5 and h.
5
Let g = -51 + 69. Let y be 12*((-6)/27 + 22/g). What is the highest common factor of 48 and y?
12
Suppose -i + 4*n + 1 = 0, 5*n = -i + 10*n. Suppose -5*g - 6 = p, -4*p + i*p + g = 10. What is the greatest common factor of 98 and p?
14
Let x = 5 + 1. Let l(y) = y**3 + 12*y**2 + 3. Let t be l(-12). What is the highest common factor of x and t?
3
Suppose 8*u - 43 - 21 = 0. Calculate the greatest common divisor of u and 24.
8
Suppose -1791 = -17*f + 2748. Calculate the highest common factor of 89 and f.
89
Let s(j) = j**2 - 3*j - 12. Let y be s(6). Suppose 4 = -4*z + y*z. What is the greatest common divisor of z and 2?
2
Let u be 5/(-55) + 7134/66. What is the greatest common divisor of 459 and u?
27
Let q = -114 - -180. Let x be ((-1)/((-5)/(-15)))/(4/(-8)). Calculate the highest common factor of q and x.
6
Let i(r) = -r**3 - 23*r**2 + 173*r - 7. Let a be i(-29). Calculate the highest common factor of a and 297.
11
Suppose 10*i + 5*w = 8*i + 1799, -4585 = -5*i + 5*w. Calculate the greatest common divisor of 57 and i.
57
Let h be (-2)/(7/(-14)*(-8)/(-50)). Suppose h = -4*l + 145. Let x = -1 - -11. What is the highest common factor of l and x?
10
Let j(m) = m**3 - 21*m**2 + 25*m + 33. Suppose -8 = -4*w, -d = 2*d + 2*w - 64. Let q be j(d). What is the highest common factor of 19 and q?
19
Let z(g) = 5*g. Let o be z(3). Suppose -2*i = 2*w + i + 680, 0 = 3*i. Let l be (3*-1)/(o/w). What is the highest common divisor of 17 and l?
17
Suppose -27 = -n - 6. What is the greatest common divisor of n and 49?
7
Let g = 701 - 404. Suppose -x = 5, 4*x = -5*o - x - 10. Suppose 5*y = -2*m + 377, 0 = 4*y - o*m - 23 - g. What is the greatest common divisor of y and 11?
11
Let h = -104 + 192. Suppose -2*f + h = -4*w, 2*f - f = 3*w + 42. Let v be -12*(8 + 288/(-27)). What is the greatest common divisor of v and f?
16
Let d(g) be the third derivative of g**5/20 - g**4/4 + 2*g**3/3 + 10*g**2. Let k be d(5). Calculate the highest common divisor of k and 7.
7
Suppose -d + 194 = -430. What is the greatest common divisor of d and 48?
48
Suppose -11*o - 71 = -4*u - 504, -2*o - 3*u + 75 = 0. Let q(y) = -2*y**3 - y**2 + 1. Let x be q(-2). What is the highest common factor of x and o?
13
Let y(h) = 3*h - 7. Let c be y(4). Suppose -2*u - 2 = -4*a, -c*a = -u - u + 2. Let g be (-2)/u + (-68)/(-18). What is the greatest common divisor of g and 1?
1
Suppose -s + 3*v = -78, -4*v - 27 - 49 = -s. Suppose -4*g + 0*g = -s. Calculate the highest common factor of g and 3.
3
Let t = 428 + -390. Let g = -76 - -133. What is the highest common divisor of g and t?
19
Suppose 0 = -25*h + 3*h + 726. Calculate the highest common factor of 15 and h.
3
Let c be (-3)/18 - 200/(-48). Suppose 5*i = -c*z + 355, -4*z + 25 = 2*i - 105. What is the highest common divisor of 45 and i?
15
Suppose -2*l - 4*i = -48, -l + 4*i + 148 = 4*l. What is the highest common factor of 952 and l?
28
Let y be 5/(10/351)*48/72. Calculate the highest common factor of y and 26.
13
Let p be 3283/245 + 2 + (-24)/10. Let c be (1 - 1)/(-3 - -1). Let q = c + p. Calculate the greatest common divisor of q and 104.
13
Let r = 664 + -662. What is the greatest common divisor of 26 and r?
2
Let b = -31 + 75. Calculate the greatest common divisor of b and 220.
44
Let z(r) = 2*r**3 + r**2 - 2*r + 3. Let h be z(0). Suppose -276 = -n + 4*c, n + h*c - 297 = -0*c. What is the greatest common divisor of 32 and n?
32
Let a be (44 + 1)/3 + -2. Let t = a + -14. Let o(b) = -121*b**3 - b**2 - 3*b - 2. Let s be o(t). Calculate the greatest common divisor of s and 11.
11
Let s be 7/((-35)/(-10)) + 2. Suppose -s*z = 14 - 50. Calculate the highest common divisor of 72 and z.
9
Let m = 1303 + -1288. Let q(w) = -1. Let h(v) = 33*v - 3. Let d(r) = h(r) - 3*q(r). Let y be d(5). Calculate the greatest common divisor of y and m.
15
Suppose -l = -135 + 126. Let a(g) = g**2 + 2. Let k be a(-4). What is the greatest common divisor of k and l?
9
Let u be (45/(-15))/((-2)/4*(-18)/(-48)). Let t be (-2)/(-7) - (-2460)/14. Calculate the highest common divisor of u and t.
16
Suppose -3*o = -272 - 70. Suppose -2*q - 2*q - 173 = -5*p, 3*p = -q + o. Let h be 1 - 2 - p*-5. What is the highest common factor of 23 and h?
23
Suppose 2*p + 3*a + 11 = -2*p, 3*p + 2*a + 8 = 0. Let y be (65/26)/(p/4). Let m be y/(20/12) - -59. What is the greatest common divisor of m and 140?
28
Suppose g - 23 = 4*b + 5, -5*g + 235 = -b. Suppose z - 5*z = 5*r - 4, 4*r + 3 = 3*z. Let p be (5 - z) + 0 + 2. Calculate the greatest common divisor of g and p.
6
Let i = -38 - -62. Let h(w) = -w**3 - 11*w**2 + w + 5. Let t be h(-11). Let o be t/(-10) - 2985/(-25). Calculate the highest common divisor of o and i.
24
Suppose 0 = 4*z + 2*n - 6, 6 = -3*z - 0*z + 2*n. Suppose z = 15*k - 3*k - 624. What is the greatest common factor of k and 78?
26
Let u be 4/(39/(-45) - -1). Suppose 2*j = 118 - u. What is the highest common divisor of j and 66?
22
Let a = -5 - -8. Suppose -a*p = 3*j - 45, 0*p - 2*j = -4*p + 30. Let q(z) = 3*z - 8. Let k be q(p). Calculate the highest common factor of 33 and k.
11
Let q be (73 - 74)*9/(-1). Calculate the highest common factor of q and 144.
9
Let n(a) = -34*a**2 - a - 2. Let b be n(-1). Let r = b - -66. Calculate the highest common divisor of r and 124.
31
Suppose -554 = -6*n + 742. Calculate the greatest common factor of 252 and n.
36
Let d = 461 + -429. What is the greatest common divisor of d and 176?
16
Suppose 5*u - 513 + 133 = 0. Let o = 83 - 18. Suppose -r + v = -5*r + o, -5*r + u = -4*v. What is the greatest common factor of 2 and r?
2
Let v(z) = -13*z - 30. Let l be v(-12). Suppose -4 = -5*j + l. What is the greatest common factor of j and 39?
13
Suppose -3*y - 2*y - 45 = -5*n, -y = -2*n + 18. Let o = -189 + 222. Let r = n + o. Calculate the greatest common divisor of r and 14.
14
Suppose -3*i + 5*i = 2*g + 124, -3*g = -6. Let q be (i/24)/(4/30). Calculate the highest common 